{"id":51,"date":"2015-07-30T17:27:55","date_gmt":"2015-07-30T17:27:55","guid":{"rendered":"http:\/\/cristozzo.com.br\/blog\/?page_id=51"},"modified":"2018-02-13T23:27:32","modified_gmt":"2018-02-13T23:27:32","slug":"contato","status":"publish","type":"page","link":"http:\/\/cristozzo.com.br\/blog\/contato\/","title":{"rendered":"Contato Cris Tozzo Nutricionista"},"content":{"rendered":"<!DOCTYPE html PUBLIC \"-\/\/W3C\/\/DTD HTML 4.0 Transitional\/\/EN\" \"http:\/\/www.w3.org\/TR\/REC-html40\/loose.dtd\">\n<html><body><h4><span style=\"color: #808080;\">Cris Tozzo Nutricionista<\/span><\/h4>\n<p><span style=\"color: #808080;\"><strong>Consultas:&nbsp;(48) 3364-0164 &nbsp;<\/strong><\/span><span style=\"color: #808080;\">Whats&rsquo;up:&nbsp;<strong>(48) 99852 0170<\/strong><\/span><\/p>\n<p><span style=\"color: #808080;\"><strong>E-mail:<\/strong> contato@cristozzo.com.br<\/span><\/p>\n<p><span style=\"color: #808080;\"><strong>Endere&ccedil;o:<\/strong> Avenida Rio Branco, Ed. Planel Tower n.404, Sala 207 Cep: 88015-201<\/span><\/p>\n<p><span style=\"color: #808080;\">Nutricionista e adepta do estilo de vida saud&aacute;vel, CRIS TOZZO dedica-se a atividades que visam melhorar a qualidade de vida das pessoas e a sua rela&ccedil;&atilde;o com os alimentos. Mestre em Nutri&ccedil;&atilde;o pela Universidade Federal de Santa Catarina e p&oacute;s graduada nas &aacute;reas de Nutri&ccedil;&atilde;o Cl&iacute;nica, Nutri&ccedil;&atilde;o Funcional e Fitoterapia, tem como miss&atilde;o descomplicar a nutri&ccedil;&atilde;o e transmitir o cuidado para uma vida mais leve guiada de boas escolhas.&nbsp;<\/span><\/p>\n<p><span style=\"color: #808080;\">Defensora da culin&aacute;ria saud&aacute;vel e sustent&aacute;vel, utiliza a gastronomia como estrat&eacute;gia de educa&ccedil;&atilde;o nutricional dentro e fora do consult&oacute;rio, priorizando sempre o uso do alimento como terapia. Aperfei&ccedil;oou-se em escolas de nutri&ccedil;&atilde;o e culin&aacute;ria nos EUA e Europa, mas s&atilde;o os ingredientes brasileiros e locais que predominam nas pitadas de sa&uacute;de que coloca em suas receitas. Professora nas &aacute;reas de Nutri&ccedil;&atilde;o Cl&iacute;nica, Fitoterapia e Gastronomia Funcional, est&aacute; em constante aperfei&ccedil;oamento e compartilha sua experi&ecirc;ncia e estudos em cursos e palestras que ministra pelo Brasil. Aprenda a ter uma vida mais leve e saud&aacute;vel conhecendo seus produtos e servi&ccedil;os! Cris Tozzo Nutricionista: Av. Rio Branco, 404 sala 207 Ed. Planel, Torre 1 &ndash; Florian&oacute;polis &ndash; SC<\/span><\/p>\n<h3><\/h3>\n<h5><a href=\"http:\/\/cristozzo.com.br\/blog\/wp-content\/uploads\/2015\/07\/IMG_5480.jpg\"><img loading=\"lazy\" decoding=\"async\" class=\"img-responsive wow fadeIn animated\" src=\"http:\/\/cristozzo.com.br\/blog\/wp-content\/uploads\/2015\/07\/IMG_5480.jpg\" alt=\"img_5480\" width=\"752\" height=\"503\" \/><\/a><\/h5>\n<h5><a href=\"http:\/\/cristozzo.com.br\/blog\/wp-content\/uploads\/2015\/07\/IMG_5475.jpg\"><img loading=\"lazy\" decoding=\"async\" class=\"img-responsive wow fadeIn animated\" src=\"http:\/\/cristozzo.com.br\/blog\/wp-content\/uploads\/2015\/07\/IMG_5475.jpg\" alt=\"img_5475\" width=\"754\" height=\"526\" \/><\/a><\/h5>\n<h5><a href=\"http:\/\/www.cristozzo.com.br\"><img loading=\"lazy\" decoding=\"async\" class=\"img-responsive wow fadeIn animated\" src=\"http:\/\/cristozzo.com.br\/blog\/wp-content\/uploads\/2015\/07\/IMG_5478.jpg\" alt=\"img_5478\" width=\"755\" height=\"471\" \/><\/a><a href=\"https:\/\/www.google.com.br\/maps\/place\/Cris+Tozzo+Nutricionista\/@-27.5920833,-48.5565327,17z\/data=!3m1!4b1!4m5!3m4!1s0x9527382275df03f1:0xad9b5576fb1015b8!8m2!3d-27.5920833!4d-48.554344?rapsrc=lu_categorical_full_list&amp;hl=pt-BR\"><img loading=\"lazy\" decoding=\"async\" class=\"img-responsive wow fadeIn animated\" src=\"http:\/\/cristozzo.com.br\/blog\/wp-content\/uploads\/2016\/09\/Captura-de-Tela-2016-09-06-%C3%A0s-16.22.38.png\" alt=\"Captura de Tela 2016-09-06 &agrave;s 16.22.38\" width=\"758\" height=\"570\" \/><\/a><\/h5>\n<p>&nbsp;<\/p>\n<p>&nbsp;<\/p>\n<p>&nbsp;<\/p>\n<p>&nbsp;<\/p>\n<p>&nbsp;<\/p>\n<\/body><\/html>\n","protected":false},"excerpt":{"rendered":"<p>Cris Tozzo Nutricionista Consultas:&nbsp;(48) 3364-0164 &nbsp;Whats&rsquo;up:&nbsp;(48) 99852 0170 E-mail: contato@cristozzo.com.br Endere&ccedil;o: Avenida Rio Branco, Ed. Planel Tower n.404, Sala 207 Cep: 88015-201 Nutricionista e adepta do estilo de vida saud&aacute;vel, CRIS TOZZO dedica-se a atividades que visam melhorar a qualidade de vida das pessoas e a sua rela&ccedil;&atilde;o com os alimentos. Mestre em Nutri&ccedil;&atilde;o pela [&hellip;]<\/p>\n","protected":false},"author":2,"featured_media":0,"parent":0,"menu_order":0,"comment_status":"open","ping_status":"open","template":"","meta":{"footnotes":""},"class_list":["post-51","page","type-page","status-publish","hentry"],"yoast_head":"<!-- This site is optimized with the Yoast SEO plugin v24.2 - https:\/\/yoast.com\/wordpress\/plugins\/seo\/ -->\n<title>Contato Cris Tozzo Nutricionista - Cris Tozzo Nutricionista Blog<\/title>\n<meta name=\"description\" content=\"Cris Tozzo Nutricionista - Emagre\u00e7a com Sa\u00fade, atinja seus objetivos e fa\u00e7a do alimento sua terapia!\" \/>\n<meta name=\"robots\" content=\"noindex, follow, max-snippet:-1, max-image-preview:large, max-video-preview:-1\" \/>\n<meta property=\"og:locale\" content=\"pt_BR\" \/>\n<meta property=\"og:type\" content=\"article\" \/>\n<meta property=\"og:title\" content=\"Contato Cris Tozzo Nutricionista - Cris Tozzo Nutricionista Blog\" \/>\n<meta property=\"og:description\" content=\"Cris Tozzo Nutricionista - Emagre\u00e7a com Sa\u00fade, atinja seus objetivos e fa\u00e7a do alimento sua terapia!\" \/>\n<meta property=\"og:url\" content=\"http:\/\/cristozzo.com.br\/blog\/contato\/\" \/>\n<meta property=\"og:site_name\" content=\"Cris Tozzo Nutricionista Blog\" \/>\n<meta property=\"article:modified_time\" content=\"2018-02-13T23:27:32+00:00\" \/>\n<meta property=\"og:image\" content=\"http:\/\/cristozzo.com.br\/blog\/wp-content\/uploads\/2015\/07\/IMG_5480.jpg\" \/>\n<meta name=\"twitter:card\" content=\"summary_large_image\" \/>\n<meta name=\"twitter:label1\" content=\"Est. tempo de leitura\" \/>\n\t<meta name=\"twitter:data1\" content=\"1 minuto\" \/>\n<script type=\"application\/ld+json\" class=\"yoast-schema-graph\">{\"@context\":\"https:\/\/schema.org\",\"@graph\":[{\"@type\":\"WebPage\",\"@id\":\"http:\/\/cristozzo.com.br\/blog\/contato\/\",\"url\":\"http:\/\/cristozzo.com.br\/blog\/contato\/\",\"name\":\"Contato Cris Tozzo Nutricionista - Cris Tozzo Nutricionista Blog\",\"isPartOf\":{\"@id\":\"http:\/\/cristozzo.com.br\/blog\/#website\"},\"primaryImageOfPage\":{\"@id\":\"http:\/\/cristozzo.com.br\/blog\/contato\/#primaryimage\"},\"image\":{\"@id\":\"http:\/\/cristozzo.com.br\/blog\/contato\/#primaryimage\"},\"thumbnailUrl\":\"http:\/\/cristozzo.com.br\/blog\/wp-content\/uploads\/2015\/07\/IMG_5480.jpg\",\"datePublished\":\"2015-07-30T17:27:55+00:00\",\"dateModified\":\"2018-02-13T23:27:32+00:00\",\"description\":\"Cris Tozzo Nutricionista - Emagre\u00e7a com Sa\u00fade, atinja seus objetivos e fa\u00e7a do alimento sua terapia!\",\"breadcrumb\":{\"@id\":\"http:\/\/cristozzo.com.br\/blog\/contato\/#breadcrumb\"},\"inLanguage\":\"pt-BR\",\"potentialAction\":[{\"@type\":\"ReadAction\",\"target\":[\"http:\/\/cristozzo.com.br\/blog\/contato\/\"]}]},{\"@type\":\"ImageObject\",\"inLanguage\":\"pt-BR\",\"@id\":\"http:\/\/cristozzo.com.br\/blog\/contato\/#primaryimage\",\"url\":\"http:\/\/cristozzo.com.br\/blog\/wp-content\/uploads\/2015\/07\/IMG_5480.jpg\",\"contentUrl\":\"http:\/\/cristozzo.com.br\/blog\/wp-content\/uploads\/2015\/07\/IMG_5480.jpg\",\"width\":1280,\"height\":856},{\"@type\":\"BreadcrumbList\",\"@id\":\"http:\/\/cristozzo.com.br\/blog\/contato\/#breadcrumb\",\"itemListElement\":[{\"@type\":\"ListItem\",\"position\":1,\"name\":\"In\u00edcio\",\"item\":\"http:\/\/cristozzo.com.br\/blog\/\"},{\"@type\":\"ListItem\",\"position\":2,\"name\":\"Contato Cris Tozzo Nutricionista\"}]},{\"@type\":\"WebSite\",\"@id\":\"http:\/\/cristozzo.com.br\/blog\/#website\",\"url\":\"http:\/\/cristozzo.com.br\/blog\/\",\"name\":\"Cris Tozzo Nutricionista Blog\",\"description\":\"Cris Tozzo Nutricionista\",\"potentialAction\":[{\"@type\":\"SearchAction\",\"target\":{\"@type\":\"EntryPoint\",\"urlTemplate\":\"http:\/\/cristozzo.com.br\/blog\/?s={search_term_string}\"},\"query-input\":{\"@type\":\"PropertyValueSpecification\",\"valueRequired\":true,\"valueName\":\"search_term_string\"}}],\"inLanguage\":\"pt-BR\"}]}<\/script>\n<!-- \/ Yoast SEO plugin. -->","yoast_head_json":{"title":"Contato Cris Tozzo Nutricionista - Cris Tozzo Nutricionista Blog","description":"Cris Tozzo Nutricionista - Emagre\u00e7a com Sa\u00fade, atinja seus objetivos e fa\u00e7a do alimento sua terapia!","robots":{"index":"noindex","follow":"follow","max-snippet":"max-snippet:-1","max-image-preview":"max-image-preview:large","max-video-preview":"max-video-preview:-1"},"og_locale":"pt_BR","og_type":"article","og_title":"Contato Cris Tozzo Nutricionista - Cris Tozzo Nutricionista Blog","og_description":"Cris Tozzo Nutricionista - Emagre\u00e7a com Sa\u00fade, atinja seus objetivos e fa\u00e7a do alimento sua terapia!","og_url":"http:\/\/cristozzo.com.br\/blog\/contato\/","og_site_name":"Cris Tozzo Nutricionista Blog","article_modified_time":"2018-02-13T23:27:32+00:00","og_image":[{"url":"http:\/\/cristozzo.com.br\/blog\/wp-content\/uploads\/2015\/07\/IMG_5480.jpg","type":"","width":"","height":""}],"twitter_card":"summary_large_image","twitter_misc":{"Est. tempo de leitura":"1 minuto"},"schema":{"@context":"https:\/\/schema.org","@graph":[{"@type":"WebPage","@id":"http:\/\/cristozzo.com.br\/blog\/contato\/","url":"http:\/\/cristozzo.com.br\/blog\/contato\/","name":"Contato Cris Tozzo Nutricionista - Cris Tozzo Nutricionista Blog","isPartOf":{"@id":"http:\/\/cristozzo.com.br\/blog\/#website"},"primaryImageOfPage":{"@id":"http:\/\/cristozzo.com.br\/blog\/contato\/#primaryimage"},"image":{"@id":"http:\/\/cristozzo.com.br\/blog\/contato\/#primaryimage"},"thumbnailUrl":"http:\/\/cristozzo.com.br\/blog\/wp-content\/uploads\/2015\/07\/IMG_5480.jpg","datePublished":"2015-07-30T17:27:55+00:00","dateModified":"2018-02-13T23:27:32+00:00","description":"Cris Tozzo Nutricionista - Emagre\u00e7a com Sa\u00fade, atinja seus objetivos e fa\u00e7a do alimento sua terapia!","breadcrumb":{"@id":"http:\/\/cristozzo.com.br\/blog\/contato\/#breadcrumb"},"inLanguage":"pt-BR","potentialAction":[{"@type":"ReadAction","target":["http:\/\/cristozzo.com.br\/blog\/contato\/"]}]},{"@type":"ImageObject","inLanguage":"pt-BR","@id":"http:\/\/cristozzo.com.br\/blog\/contato\/#primaryimage","url":"http:\/\/cristozzo.com.br\/blog\/wp-content\/uploads\/2015\/07\/IMG_5480.jpg","contentUrl":"http:\/\/cristozzo.com.br\/blog\/wp-content\/uploads\/2015\/07\/IMG_5480.jpg","width":1280,"height":856},{"@type":"BreadcrumbList","@id":"http:\/\/cristozzo.com.br\/blog\/contato\/#breadcrumb","itemListElement":[{"@type":"ListItem","position":1,"name":"In\u00edcio","item":"http:\/\/cristozzo.com.br\/blog\/"},{"@type":"ListItem","position":2,"name":"Contato Cris Tozzo Nutricionista"}]},{"@type":"WebSite","@id":"http:\/\/cristozzo.com.br\/blog\/#website","url":"http:\/\/cristozzo.com.br\/blog\/","name":"Cris Tozzo Nutricionista Blog","description":"Cris Tozzo Nutricionista","potentialAction":[{"@type":"SearchAction","target":{"@type":"EntryPoint","urlTemplate":"http:\/\/cristozzo.com.br\/blog\/?s={search_term_string}"},"query-input":{"@type":"PropertyValueSpecification","valueRequired":true,"valueName":"search_term_string"}}],"inLanguage":"pt-BR"}]}},"_links":{"self":[{"href":"http:\/\/cristozzo.com.br\/blog\/wp-json\/wp\/v2\/pages\/51","targetHints":{"allow":["GET"]}}],"collection":[{"href":"http:\/\/cristozzo.com.br\/blog\/wp-json\/wp\/v2\/pages"}],"about":[{"href":"http:\/\/cristozzo.com.br\/blog\/wp-json\/wp\/v2\/types\/page"}],"author":[{"embeddable":true,"href":"http:\/\/cristozzo.com.br\/blog\/wp-json\/wp\/v2\/users\/2"}],"replies":[{"embeddable":true,"href":"http:\/\/cristozzo.com.br\/blog\/wp-json\/wp\/v2\/comments?post=51"}],"version-history":[{"count":21,"href":"http:\/\/cristozzo.com.br\/blog\/wp-json\/wp\/v2\/pages\/51\/revisions"}],"predecessor-version":[{"id":1344,"href":"http:\/\/cristozzo.com.br\/blog\/wp-json\/wp\/v2\/pages\/51\/revisions\/1344"}],"wp:attachment":[{"href":"http:\/\/cristozzo.com.br\/blog\/wp-json\/wp\/v2\/media?parent=51"}],"curies":[{"name":"wp","href":"https:\/\/api.w.org\/{rel}","templated":true}]}}